{"id":1181,"date":"2021-05-03T23:52:28","date_gmt":"2021-05-03T23:52:28","guid":{"rendered":"https:\/\/inversionesvilladeleyva.com\/?page_id=1181"},"modified":"2023-03-09T02:31:19","modified_gmt":"2023-03-09T02:31:19","slug":"blog","status":"publish","type":"page","link":"https:\/\/inversionesvilladeleyva.com\/index.php\/blog\/","title":{"rendered":"Blog"},"content":{"rendered":"\t\t<div data-elementor-type=\"wp-page\" data-elementor-id=\"1181\" class=\"elementor elementor-1181\">\n\t\t\t\t\t\t<section class=\"elementor-section elementor-top-section elementor-element elementor-element-c7696e2 elementor-section-boxed elementor-section-height-default elementor-section-height-default\" data-id=\"c7696e2\" data-element_type=\"section\" data-e-type=\"section\">\n\t\t\t\t\t\t<div class=\"elementor-container elementor-column-gap-default\">\n\t\t\t\t\t<div class=\"elementor-column elementor-col-100 elementor-top-column elementor-element elementor-element-d4b7fca\" data-id=\"d4b7fca\" data-element_type=\"column\" data-e-type=\"column\">\n\t\t\t<div class=\"elementor-widget-wrap elementor-element-populated\">\n\t\t\t\t\t\t<div class=\"elementor-element elementor-element-b497bdd elementor-widget elementor-widget-image\" data-id=\"b497bdd\" data-element_type=\"widget\" data-e-type=\"widget\" data-widget_type=\"image.default\">\n\t\t\t\t<div class=\"elementor-widget-container\">\n\t\t\t\t\t\t\t\t\t\t\t\t\t\t\t<img fetchpriority=\"high\" decoding=\"async\" width=\"768\" height=\"369\" src=\"https:\/\/inversionesvilladeleyva.com\/wp-content\/uploads\/2022\/01\/villa-de-leyva-1-e1500591809965-1024x492-1-768x369.jpg\" class=\"attachment-medium_large size-medium_large wp-image-1317\" alt=\"Villa de Leyva\" srcset=\"https:\/\/inversionesvilladeleyva.com\/wp-content\/uploads\/2022\/01\/villa-de-leyva-1-e1500591809965-1024x492-1-768x369.jpg 768w, https:\/\/inversionesvilladeleyva.com\/wp-content\/uploads\/2022\/01\/villa-de-leyva-1-e1500591809965-1024x492-1-300x144.jpg 300w, https:\/\/inversionesvilladeleyva.com\/wp-content\/uploads\/2022\/01\/villa-de-leyva-1-e1500591809965-1024x492-1.jpg 1024w\" sizes=\"(max-width: 768px) 100vw, 768px\" \/>\t\t\t\t\t\t\t\t\t\t\t\t\t\t\t<\/div>\n\t\t\t\t<\/div>\n\t\t\t\t\t<\/div>\n\t\t<\/div>\n\t\t\t\t\t<\/div>\n\t\t<\/section>\n\t\t\t\t<section class=\"elementor-section elementor-top-section elementor-element elementor-element-d3e486a elementor-section-boxed elementor-section-height-default elementor-section-height-default\" data-id=\"d3e486a\" data-element_type=\"section\" data-e-type=\"section\">\n\t\t\t\t\t\t<div class=\"elementor-container elementor-column-gap-default\">\n\t\t\t\t\t<div class=\"elementor-column elementor-col-50 elementor-top-column elementor-element elementor-element-bf7f838\" data-id=\"bf7f838\" data-element_type=\"column\" data-e-type=\"column\">\n\t\t\t<div class=\"elementor-widget-wrap elementor-element-populated\">\n\t\t\t\t\t\t<div class=\"elementor-element elementor-element-deb6bec elementor-widget elementor-widget-text-editor\" data-id=\"deb6bec\" data-element_type=\"widget\" data-e-type=\"widget\" data-widget_type=\"text-editor.default\">\n\t\t\t\t<div class=\"elementor-widget-container\">\n\t\t\t\t\t\t\t\t\t<h3><strong><br \/>Por qu\u00e9 invertir en Villa de Leyva?<\/strong><\/h3><h6>Enero 21\/2022<br \/>Tiempo de lectura: 3 minutos<\/h6><p><span style=\"color: #999999;\">La Villa de Santa Mar\u00eda de Leyva es uno de los destinos favoritos de Colombia. Recibe tantos visitantes como algunas de las ciudades m\u00e1s importantes del pa\u00eds y es as\u00ed como cuenta con una amplia oferta tur\u00edstica en la que caben m\u00e1s de 200 hoteles y restaurantes con sabores nacionales e internacionales. <\/span><\/p><p><span style=\"color: #999999;\">Tambi\u00e9n se hallan sitios arqueol\u00f3gicos, monumentos hist\u00f3ricos, paisajes naturales diversos y un clima y ubicaci\u00f3n geogr\u00e1fica excelsos.<\/span><\/p><p><span style=\"color: #999999;\">La Villa se encuentra a s\u00f3lo 2.5 horas de Bogot\u00e1 conectada por una de las mejores carreteras de Colombia y tiene de vecinos a Tunja y Chiquinquira; ambas ciudades importantes en el departamento.\u00a0<\/span><\/p><p><span style=\"color: #999999;\">Tambi\u00e9n se localiza en medio del desierto de la Candelaria y el fascinante p\u00e1ramo de Iguaque, hoy, un importante parque nacional y Santuario de Flora y Fauna epicentro de la cultura Muisca y f\u00e1brica incesante de agua pura.\u00a0<\/span><\/p><p><span style=\"color: #999999;\">Esta m\u00e1gica locaci\u00f3n le permite a sus moradores y visitantes disfrutar variedad de ecosistemas con sus divinos paisajes,\u00a0 abundancia de recursos y muchos <\/span><span style=\"color: #999999;\">deportes y aventuras al aire libre. Escalada en roca, torrentismo, espeleolog\u00eda, senderismo, ciclo monta\u00f1ismo, enduro, entre otros; atraviesan monta\u00f1as, cascadas y desiertos en direcciones infinitas. Villa de Leyva goza de un punto estrat\u00e9gico en el mapa a 40 minutos de Barbosa, Santander. Un municipio que abre la via hacia hermosos ca\u00f1ones de clima c\u00e1lido que llevan a los m\u00e1s bellos parajes, entre ellos Socorro, Barichara y la costa.<\/span><\/p><p><span style=\"color: #999999;\">Si lo que le gusta es quedarse en casa y comer rico, disfrutar la vida de pueblo y explorar su cultura; tendr\u00e1 mucho en que entretenerse y hasta aprender. Exquisita e interesante oferta en vi\u00f1edos, museos, mercados org\u00e1nicos, caf\u00e9s y galer\u00edas lo acompa\u00f1aran en su estad\u00eda.<br \/><\/span><\/p><p><span style=\"color: #999999;\">En materia de seguridad y econom\u00eda tendr\u00e1 el respaldo del departamento menos violento de Colombia, excelente calidad de infraestructura vial y la despensa de alimentos m\u00e1s grande del pa\u00eds. <\/span><\/p><p><span style=\"color: #999999;\">Villa de Leyva fue declarado monumento nacional en 1954 por el entonces presidente Rojas Pinilla por su arquitectura conservada y la colecci\u00f3n de sitios hist\u00f3ricos.<\/span> <span style=\"color: #999999;\">Dentro de la oferta de museos, se encuentran <\/span><span style=\"color: #999999;\">impresionantes kronosaurios, murales y esculturas en piedra legado de los antiguos Muiscas, intactos monasterios y casonas de la \u00e9poca colonial que reviven las empresas de personajes como Antonio Nari\u00f1o o el h\u00e9roe de san Mateo: Antonio Ricaurte.<\/span><\/p><p><span style=\"color: #999999;\">Referente de la arquitectura campestre, con materiales de la regi\u00f3n como la piedra, madera y fibras vegetales, combinados con las tradiciones de los herreros, maestros y carpinteros; Los proyectos arquitect\u00f3nicos se fusionan con la diversidad de paisajes y materializan el arte que se respira en el ambiente.<\/span><\/p><p><span style=\"color: #999999;\"> En lo alto de la cordillera oriental, a pocas horas por carretera, encontrar\u00e1 el segundo lago m\u00e1s grande del continente; el Lago de Tota, as\u00ed como el p\u00e1ramo m\u00e1s bello del mundo; el de Ocet\u00e1. Con estas maravillas tan cerca seguro encontrar\u00e1 la paz y seguridad que su coraz\u00f3n busca. <\/span><\/p><p><span style=\"color: #999999;\">Cuando se compra una propiedad en Villa de Leyva se vuelve socio de este gran patrimonio, responsable de su cuidado y permanencia. Se convierte en accionario de la historia universal y se inicia a so\u00f1ar despierto con la emoci\u00f3n de todas las posibilidades.<\/span><\/p><p><span style=\"color: #999999;\">Si a\u00fan no est\u00e1 convencido de su inversi\u00f3n, ponga en la balanza toda la magia y seguridad que esta zona le puede brindar y no lo piense m\u00e1s; Villa de Leyva lo espera!<\/span><\/p>\t\t\t\t\t\t\t\t<\/div>\n\t\t\t\t<\/div>\n\t\t\t\t\t<\/div>\n\t\t<\/div>\n\t\t\t\t<div class=\"elementor-column elementor-col-50 elementor-top-column elementor-element elementor-element-00895ed\" data-id=\"00895ed\" data-element_type=\"column\" data-e-type=\"column\">\n\t\t\t<div class=\"elementor-widget-wrap elementor-element-populated\">\n\t\t\t\t\t\t\t<\/div>\n\t\t<\/div>\n\t\t\t\t\t<\/div>\n\t\t<\/section>\n\t\t\t\t<\/div>\n\t\t","protected":false},"excerpt":{"rendered":"<p>Por qu\u00e9 invertir en Villa de Leyva? Enero 21\/2022Tiempo de lectura: 3 minutos La Villa de Santa Mar\u00eda de Leyva es uno de los destinos favoritos de Colombia. Recibe tantos visitantes como algunas de las ciudades m\u00e1s importantes del pa\u00eds y es as\u00ed como cuenta con una amplia oferta tur\u00edstica en la que caben m\u00e1s [&hellip;]<\/p>\n","protected":false},"author":1,"featured_media":0,"parent":0,"menu_order":0,"comment_status":"closed","ping_status":"closed","template":"","meta":{"site-sidebar-layout":"no-sidebar","site-content-layout":"page-builder","ast-site-content-layout":"","site-content-style":"default","site-sidebar-style":"default","ast-global-header-display":"","ast-banner-title-visibility":"","ast-main-header-display":"","ast-hfb-above-header-display":"","ast-hfb-below-header-display":"","ast-hfb-mobile-header-display":"","site-post-title":"disabled","ast-breadcrumbs-content":"","ast-featured-img":"disabled","footer-sml-layout":"","theme-transparent-header-meta":"default","adv-header-id-meta":"","stick-header-meta":"","header-above-stick-meta":"","header-main-stick-meta":"","header-below-stick-meta":"","astra-migrate-meta-layouts":"default","ast-page-background-enabled":"default","ast-page-background-meta":{"desktop":{"background-color":"var(--ast-global-color-4)","background-image":"","background-repeat":"repeat","background-position":"center center","background-size":"auto","background-attachment":"scroll","background-type":"","background-media":"","overlay-type":"","overlay-color":"","overlay-gradient":""},"tablet":{"background-color":"","background-image":"","background-repeat":"repeat","background-position":"center center","background-size":"auto","background-attachment":"scroll","background-type":"","background-media":"","overlay-type":"","overlay-color":"","overlay-gradient":""},"mobile":{"background-color":"","background-image":"","background-repeat":"repeat","background-position":"center center","background-size":"auto","background-attachment":"scroll","background-type":"","background-media":"","overlay-type":"","overlay-color":"","overlay-gradient":""}},"ast-content-background-meta":{"desktop":{"background-color":"var(--ast-global-color-5)","background-image":"","background-repeat":"repeat","background-position":"center center","background-size":"auto","background-attachment":"scroll","background-type":"","background-media":"","overlay-type":"","overlay-color":"","overlay-gradient":""},"tablet":{"background-color":"var(--ast-global-color-5)","background-image":"","background-repeat":"repeat","background-position":"center center","background-size":"auto","background-attachment":"scroll","background-type":"","background-media":"","overlay-type":"","overlay-color":"","overlay-gradient":""},"mobile":{"background-color":"var(--ast-global-color-5)","background-image":"","background-repeat":"repeat","background-position":"center center","background-size":"auto","background-attachment":"scroll","background-type":"","background-media":"","overlay-type":"","overlay-color":"","overlay-gradient":""}},"footnotes":""},"class_list":["post-1181","page","type-page","status-publish","hentry"],"aioseo_notices":[],"_links":{"self":[{"href":"https:\/\/inversionesvilladeleyva.com\/index.php\/wp-json\/wp\/v2\/pages\/1181","targetHints":{"allow":["GET"]}}],"collection":[{"href":"https:\/\/inversionesvilladeleyva.com\/index.php\/wp-json\/wp\/v2\/pages"}],"about":[{"href":"https:\/\/inversionesvilladeleyva.com\/index.php\/wp-json\/wp\/v2\/types\/page"}],"author":[{"embeddable":true,"href":"https:\/\/inversionesvilladeleyva.com\/index.php\/wp-json\/wp\/v2\/users\/1"}],"replies":[{"embeddable":true,"href":"https:\/\/inversionesvilladeleyva.com\/index.php\/wp-json\/wp\/v2\/comments?post=1181"}],"version-history":[{"count":77,"href":"https:\/\/inversionesvilladeleyva.com\/index.php\/wp-json\/wp\/v2\/pages\/1181\/revisions"}],"predecessor-version":[{"id":1442,"href":"https:\/\/inversionesvilladeleyva.com\/index.php\/wp-json\/wp\/v2\/pages\/1181\/revisions\/1442"}],"wp:attachment":[{"href":"https:\/\/inversionesvilladeleyva.com\/index.php\/wp-json\/wp\/v2\/media?parent=1181"}],"curies":[{"name":"wp","href":"https:\/\/api.w.org\/{rel}","templated":true}]}}